5, 11, 2903
List the prime factors of 1418205.
3, 5, 94547
What are the prime factors of 662965?
5, 67, 1979
What are the prime factors of 3801731?
3801731
List the prime factors of 8327783.
659, 12637
What are the prime factors of 31136?
2, 7, 139
What are the prime factors of 878506?
2, 439253
What are the prime factors of 1865540?
2, 5, 37, 2521
List the prime factors of 7579189.
61, 124249
List the prime factors of 16247374.
2, 11, 13, 56809
List the prime factors of 150645.
3, 5, 11, 83
List the prime factors of 1603258.
2, 19, 31, 1361
List the prime factors of 324542.
2, 263, 617
What are the prime factors of 127166?
2, 13, 67, 73
What are the prime factors of 737383?
29, 47, 541
What are the prime factors of 5338773?
3, 11, 53927
List the prime factors of 414313.
414313
What are the prime factors of 2452443?
3, 7, 29, 4027
What are the prime factors of 244883?
233, 1051
List the prime factors of 44254.
2, 7, 29, 109
What are the prime factors of 6304924?
2, 193, 8167
What are the prime factors of 33736?
2, 4217
List the prime factors of 237220.
2, 5, 29, 409
What are the prime factors of 652802?
2, 19, 41, 419
List the prime factors of 414451.
414451
List the prime factors of 2361433.
23, 83, 1237
What are the prime factors of 2764379?
509, 5431
What are the prime factors of 84418?
2, 42209
What are the prime factors of 3073985?
5, 139, 4423
What are the prime factors of 3192589?
19, 113, 1487
List the prime factors of 348931.
11, 31721
What are the prime factors of 6057834?
2, 3, 31, 32569
What are the prime factors of 1414691?
199, 7109
What are the prime factors of 461155?
5, 149, 619
List the prime factors of 318705.
3, 5, 21247
List the prime factors of 1305527.
1305527
What are the prime factors of 10780440?
2, 3, 5, 11, 8167
List the prime factors of 24151531.
24151531
What are the prime factors of 782764?
2, 195691
List the prime factors of 2530074.
2, 3, 409, 1031
List the prime factors of 620918.
2, 310459
List the prime factors of 1280461.
7, 13, 14071
List the prime factors of 102424.
2, 7, 31, 59
List the prime factors of 830447.
830447
What are the prime factors of 181707?
3, 37, 1637
What are the prime factors of 3519168?
2, 3, 18329
List the prime factors of 4291372.
2, 1072843
What are the prime factors of 485235?
3, 5, 41, 263
List the prime factors of 1792606.
2, 29, 31, 997
List the prime factors of 3024375.
3, 5, 1613
List the prime factors of 722048.
2, 5641
What are the prime factors of 48699?
3, 7, 773
What are the prime factors of 1635348?
2, 3, 11, 13, 953
List the prime factors of 17605631.
17605631
List the prime factors of 9402635.
5, 11, 170957
List the prime factors of 1454159.
7, 293, 709
List the prime factors of 334409.
173, 1933
List the prime factors of 6676930.
2, 5, 13, 51361
What are the prime factors of 1972306?
2, 7, 17, 8287
What are the prime factors of 14258717?
11, 71, 18257
List the prime factors of 75758.
2, 37879
What are the prime factors of 11126402?
2, 7, 794743
List the prime factors of 280172.
2, 89, 787
What are the prime factors of 3320639?
7, 37, 12821
What are the prime factors of 5616442?
2, 13, 337, 641
List the prime factors of 204066.
2, 3, 3779
List the prime factors of 2113486.
2, 941, 1123
What are the prime factors of 371022?
2, 3, 61837
What are the prime factors of 30522?
2, 3, 5087
What are the prime factors of 91613?
17, 317
List the prime factors of 76016.
2, 4751
List the prime factors of 1150653.
3, 7, 157, 349
List the prime factors of 10111048.
2, 439, 2879
List the prime factors of 498766.
2, 249383
List the prime factors of 552489.
3, 7, 26309
What are the prime factors of 868603?
868603
What are the prime factors of 4433192?
2, 17, 37, 881
What are the prime factors of 997537?
571, 1747
What are the prime factors of 161203?
7, 23029
What are the prime factors of 1086582?
2, 3, 7, 41, 631
List the prime factors of 1389857.
7, 211, 941
What are the prime factors of 1614239?
11, 146749
What are the prime factors of 91057?
23, 37, 107
List the prime factors of 1026155.
5, 13, 15787
List the prime factors of 383475.
3, 5, 5113
What are the prime factors of 4194396?
2, 3, 71, 547
List the prime factors of 127407.
3, 7, 6067
What are the prime factors of 3362185?
5, 149, 4513
List the prime factors of 9337599.
3, 115279
List the prime factors of 12964079.
12964079
What are the prime factors of 27169851?
3, 43, 210619
What are the prime factors of 1824434?
2, 912217
What are the prime factors of 304242?
2, 3, 50707
What are the prime factors of 1153945?
5, 13, 41, 433
What are the prime factors of 335272?
2, 7, 5987
What are the prime factors of 1212157?
37, 181
What are the prime factors of 114481?
239, 479
What are the prime factors of 406900?
2, 5, 13, 313
What are the prime factors of 20824340?
2, 5, 37, 107, 263
List the prime factors of 502230.
2, 3, 5, 16741
List the prime factors of 1204886.
2, 109, 5527
What are the prime factors of 3313678?
2, 1656839
What are the prime factors of 563188?
2, 140797
List the prime factors of 14893097.
467, 31891
What are the prime factors of 7892577?
3, 7, 11, 1627
List the prime factors of 5506906.
2, 2753453
List the prime factors of 13218719.
137, 96487
What are the prime factors of 1386233?
23, 60271
List the prime factors of 6139195.
5, 613, 2003
List the prime factors of 36649.
67, 547
List the prime factors of 6351398.
2, 617, 5147
What are the prime factors of 46824?
2, 3, 1951
List the prime factors of 783927.
3, 87103
What are the prime factors of 85276?
2, 21319
What are the prime factors of 35002865?
5, 7000573
What are the prime factors of 7240268?
2, 7, 258581
What are the prime factors of 485705?
5, 11, 8831
What are the prime factors of 1137657?
3, 17, 22307
List the prime factors of 7242611.
331, 21881
List the prime factors of 792273.
3, 264091
What are the prime factors of 4702759?
227, 20717
What are the prime factors of 69329?
13, 5333
What are the prime factors of 18733810?
2, 5, 19, 43, 2293
What are the prime factors of 38450?
2, 5, 769
List the prime factors of 1162.
2, 7, 83
List the prime factors of 1992515.
5, 7, 56929
List the prime factors of 312763.
11, 28433
What are the prime factors of 6781604?
2, 1695401
List the prime factors of 4803851.
13, 449, 823
List the prime factors of 9212023.
281, 32783
List the prime factors of 788723.
13, 359
List the prime factors of 1081520.
2, 5, 11, 1229
What are the prime factors of 8090819?
11, 735529
What are the prime factors of 3467325?
3, 5, 83, 557
List the prime factors of 23731483.
29, 818327
What are the prime factors of 229955?
5, 11, 37, 113
What are the prime factors of 1558150?
2, 5, 11, 2833
List the prime factors of 703984.
2, 23, 1913
What are the prime factors of 217995?
3, 5, 14533
What are the prime factors of 164234?
2, 7, 11731
List the prime factors of 160066.
2, 163, 491
What are the prime factors of 70013?
53, 1321
What are the prime factors of 180152?
2, 7, 3217
List the prime factors of 341158.
2, 170579
What are the prime factors of 4896096?
2, 3, 51001
What are the prime factors of 2981900?
2, 5, 29819
List the prime factors of 464057.
11, 42187
What are the prime factors of 1675507?
1675507
List the prime factors of 3977220.
2, 3, 5, 13, 5099
What are the prime factors of 20508848?
2, 1281803
List the prime factors of 6494494.
2, 353, 9199
List the prime factors of 12613207.
19, 663853
List the prime factors of 478864.
2, 173
List the prime factors of 4303072.
2, 134471
What are the prime factors of 2574009?
3, 286001
List the prime factors of 2599311.
3, 11, 13, 73, 83
What are the prime factors of 547434?
2, 3, 17, 1789
What are the prime factors of 464867?
13, 35759
List the prime factors of 328811.
7, 107, 439
List the prime factors of 1900731.
3, 7, 90511
What are the prime factors of 16843457?
16843457
What are the prime factors of 34826124?
2, 3, 239, 12143
What are the prime factors of 23425581?
3, 7808527
What are the prime factors of 3624846?
2, 3, 23, 26267
List the prime factors of 163197.
3, 18133
List the prime factors of 8028671.
7, 1146953
List the prime factors of 1564858.
2, 782429
List the prime factors of 4772813.
73, 65381
What are the prime factors of 319946?
2, 11, 14543
List the prime factors of 11441